it of 3632671?
3
What is the tens digit of 136651?
5
What is the tens digit of 919240?
4
What is the hundred thousands digit of 22546425?
5
What is the millions digit of 4343859?
4
What is the ten thousands digit of 7343925?
4
What is the ten thousands digit of 1805644?
0
What is the thousands digit of 3937816?
7
What is the tens digit of 12195489?
8
What is the hundreds digit of 5992140?
1
What is the units digit of 103621?
1
What is the thousands digit of 39004905?
4
What is the hundred thousands digit of 129136?
1
What is the tens digit of 706093?
9
What is the ten thousands digit of 669571?
6
What is the units digit of 457983?
3
What is the millions digit of 3360003?
3
What is the units digit of 638828?
8
What is the thousands digit of 301014?
1
What is the units digit of 1391818?
8
What is the thousands digit of 138051?
8
What is the millions digit of 1374133?
1
What is the units digit of 190094?
4
What is the ten thousands digit of 181564?
8
What is the tens digit of 1295235?
3
What is the thousands digit of 5789341?
9
What is the millions digit of 2893261?
2
What is the units digit of 267852?
2
What is the hundreds digit of 142330?
3
What is the ten millions digit of 27940617?
2
What is the ten millions digit of 12521796?
1
What is the tens digit of 619639?
3
What is the hundreds digit of 545938?
9
What is the hundreds digit of 939484?
4
What is the millions digit of 4723578?
4
What is the hundreds digit of 787843?
8
What is the thousands digit of 27690746?
0
What is the units digit of 24904432?
2
What is the thousands digit of 4190417?
0
What is the millions digit of 1982026?
1
What is the hundreds digit of 2236369?
3
What is the tens digit of 1392367?
6
What is the hundred thousands digit of 947590?
9
What is the hundreds digit of 11637769?
7
What is the units digit of 7353354?
4
What is the ten thousands digit of 2430928?
3
What is the ten thousands digit of 19409355?
0
What is the hundred thousands digit of 296291?
2
What is the ten thousands digit of 6021807?
2
What is the hundred thousands digit of 7239205?
2
What is the ten thousands digit of 807842?
0
What is the units digit of 7938036?
6
What is the hundred thousands digit of 3696097?
6
What is the tens digit of 8914597?
9
What is the hundred thousands digit of 2139376?
1
What is the millions digit of 6400644?
6
What is the hundred thousands digit of 2163131?
1
What is the ten millions digit of 33416243?
3
What is the units digit of 67243?
3
What is the hundred thousands digit of 15709146?
7
What is the ten thousands digit of 135901?
3
What is the thousands digit of 4069827?
9
What is the units digit of 395322?
2
What is the hundred thousands digit of 543165?
5
What is the tens digit of 5643161?
6
What is the hundreds digit of 116517?
5
What is the ten thousands digit of 755116?
5
What is the tens digit of 2422199?
9
What is the units digit of 147080?
0
What is the hundreds digit of 1031?
0
What is the tens digit of 1227169?
6
What is the ten thousands digit of 10767526?
6
What is the ten thousands digit of 151445?
5
What is the ten thousands digit of 243767?
4
What is the tens digit of 223951?
5
What is the thousands digit of 146841?
6
What is the units digit of 526234?
4
What is the thousands digit of 1633940?
3
What is the tens digit of 1518866?
6
What is the thousands digit of 54588?
4
What is the units digit of 948061?
1
What is the hundred thousands digit of 147114?
1
What is the units digit of 5642233?
3
What is the hundred thousands digit of 1544759?
5
What is the thousands digit of 5457660?
7
What is the tens digit of 7022101?
0
What is the hundred thousands digit of 1779399?
7
What is the millions digit of 5792305?
5
What is the tens digit of 70089?
8
What is the millions digit of 11763586?
1
What is the tens digit of 397701?
0
What is the units digit of 1202520?
0
What is the units digit of 349918?
8
What is the hundred thousands digit of 9533551?
5
What is the millions digit of 2205453?
2
What is the hundred thousands digit of 1580287?
5
What is the millions digit of 2155978?
2
What is the hundreds digit of 5763964?
9
What is the hundreds digit of 469622?
6
What is the hundreds digit of 594882?
8
What is the hundreds digit of 416717?
7
What is the millions digit of 18296964?
8
What is the tens digit of 3483296?
9
What is the ten millions digit of 12469279?
1
What is the ten thousands digit of 56736?
5
What is the ten thousands digit of 646935?
4
What is the thousands digit of 375003?
5
What is the tens digit of 8642027?
2
What is the thousands digit of 127545?
7
What is the thousands digit of 617798?
7
What is the hundreds digit of 7289873?
8
What is the ten thousands digit of 333709?
3
What is the units digit of 835335?
5
What is the thousands digit of 2782736?
2
What is the units digit of 8370181?
1
What is the ten thousands digit of 718302?
1
What is the units digit of 1841430?
0
What is the tens digit of 732630?
3
What is the units digit of 381876?
6
What is the hundreds digit of 128308?
3
What is the ten thousands digit of 596940?
9
What is the thousands digit of 7406573?
6
What is the thousands digit of 34497?
4
What is the ten thousands digit of 1082048?
8
What is the units digit of 193559?
9
What is the hundred thousands digit of 20555073?
5
What is the thousands digit of 104278?
4
What is the ten thousands digit of 38978?
3
What is the hundreds digit of 2772514?
5
What is the hundreds digit of 6246806?
8
What is the millions digit of 3111599?
3
What is the units digit of 210306?
6
What is the units digit of 3128030?
0
What is the units digit of 3749659?
9
What is the thousands digit of 9140718?
0
What is the hundreds digit of 14367955?
9
What is the tens digit of 594751?
5
What is the ten thousands digit of 23037?
2
What is the thousands digit of 269813?
9
What is the thousands digit of 87514?
7
What is the ten thousands digit of 349690?
4
What is the hundred thousands digit of 10577045?
5
What is the ten thousands digit of 3395859?
9
What is the millions digit of 1087258?
1
What is the hundreds digit of 38587?
5
What is the hundred thousands digit of 6375919?
3
What is the millions digit of 7109776?
7
What is the tens digit of 755787?
8
What is the tens digit of 3487218?
1
What is the hundreds digit of 714413?
4
What is the tens digit of 4828891?
9
What is the ten thousands digit of 234373?
3
What is the hundreds digit of 277417?
4
What is the thousands digit of 23076?
3
What is the hundred thousands digit of 392181?
3
What is the ten thousands digit of 528751?
2
What is the ten thousands digit of 463505?
6
What is the ten millions digit of 13933766?
1
What is the ten thousands digit of 12057175?
5
What is the hundred thousands digit of 438078?
4
What is the ten thousands digit of 2140039?
4
What is the thousands digit of 3358917?
8
What is the units digit of 15900774?
4
What is the ten thousands digit of 61499?
6
What is the hundred thousands digit of 439796?
4
What is the tens digit of 6709214?
1
What is the millions digit of 1298802?
1
What is the units digit of 2006486?
6
What is the hundred thousands digit of 2559447?
5
What is the units digit of 5636665?
5
What is the ten thousands digit of 212851?
1
What is the hundreds digit of 123959?
9
What is the millions digit of 18588012?
8
What is the millions digit of 1218477?
1
What is the tens digit of 306655?
5
What is the tens digit of 167907?
0
What is the units digit of 13467418?
8
What is the ten thousands digit of 69763?
6
What is the hundreds digit of 302782?
7
What is the ten thousands digit of 12270341?
7
What is the hundred thousands digit of 956376?
9
What is the units digit of 1362377?
7
What is the ten thousands digit of 250157?
5
What is the ten thousands digit of 468379?
6
What is the ten thousands digit of 450237?
5
What is the millions digit of 3936379?
3
What is the hundreds digit of 324352?
3
What is the ten thousands digit of 2767024?
6
What is the units digit of 20601629?
9
What is the millions digit of 7570588?
7
What is the thousands digit of 109862?
9
What is the tens digit of 701769?
6
What is the tens digit of 4551019?
1
What is the hundreds digit of 10336450?
4
What is the thousands digit of 253262?
3
What is the tens digit of 3586274?
7
What is the units digit of 18131231?
